-50*m. What is the remainder when 76 is divided by m?
4
Suppose 2*d = -2*d + 64. Let r be (-2)/(-4) + (-1)/2. Suppose 11*h - 7 - 92 = r. Calculate the remainder when d is divided by h.
7
Let a = -433 - -449. What is the remainder when 92 is divided by a?
12
Calculate the remainder when (-848)/(-6) + 75/45 is divided by 18.
17
Let g be -2 - -1*2 - 2. Suppose -2*z = -3*y - 32, 0 = 15*z - 11*z - 8*y - 52. What is the remainder when z is divided by (-1 - 2)*(g - 1)?
7
Let v(g) = 5*g. Let w be (-10)/4*216/(-60). Suppose -2*u + 7 = -w. Calculate the remainder when v(u) is divided by 14.
12
Let t(v) = 3*v**2 + 3*v - 4. What is the remainder when 1/3 - 60/54*-33 is divided by t(-3)?
9
Suppose 44*z - 598 = 31*z. Suppose 0*v = -5*v + 125. Calculate the remainder when z is divided by v.
21
Let n = -25 - -29. Suppose 2*w - 18 = -5*l + 4*l, -n*l = 5*w - 63. What is the remainder when l is divided by 7?
5
Suppose 0 = h - 12*h + 671. Calculate the remainder when h is divided by 13.
9
Suppose -5*v - 5*b + b = -582, 4*v - 482 = 5*b. Calculate the remainder when v is divided by 27.
10
Let h(z) = 37*z**2 - 6*z + 4. Suppose 2*w + 4 = 3*j, 0*j = -2*j + 4. What is the remainder when 103 is divided by h(w)?
33
Let m(k) = 79*k + 84. What is the remainder when m(2) is divided by 41?
37
Suppose -55*j - 9435 = -166*j. Calculate the remainder when j is divided by 29.
27
Let v(t) = -5*t - 70. What is the remainder when 112 is divided by v(-17)?
7
Let o(l) = l + 2. Let f be o(-2). Let h(z) = -z + 23. What is the remainder when -1*2*(1 + (-36 - -13)) is divided by h(f)?
21
Let a(p) = p**3 - 3*p**2 + 8*p - 2. Suppose 0*f + f + 1 = 0. Calculate the remainder when a(3) is divided by (f - -3)*12/2.
10
Let o = 39 + -35. Suppose 538 = 4*s + o*y + 182, -4*s + 4*y = -396. Calculate the remainder when s is divided by 24.
22
Suppose -5*a = 2*k + 31, 3*a = 4*a - 5. Let p = -5 - k. Calculate the remainder when 65 is divided by p.
19
Let g = 189 - 179. Calculate the remainder when 35 is divided by g.
5
Let n = 675 + -319. Suppose 670 + n = 6*w. Calculate the remainder when w is divided by 43.
42
Let i = 736 + -53. Calculate the remainder when i is divided by 18.
17
Let i(r) be the second derivative of r**5/20 - 5*r**4/12 - r**3 + 13*r**2/2 + 2*r. Suppose -2*o = -133 + 121. What is the remainder when 24 is divided by i(o)?
11
Suppose 36 = 3*p - 0*p. Calculate the remainder when 3/(9/p)*(1 + 18) is divided by 7.
6
Calculate the remainder when 205 is divided by (-4)/(-1) + 24 - (7 - 5).
23
Let t(b) = b**2 + 15*b. Let l be t(-15). Suppose 3*i + 4*i - 455 = l. What is the remainder when i is divided by 34?
31
Let c be 6 + -3 - 3*-4. Suppose -46 = -4*o - 2*m, -m = -5*o + 25 + c. What is the remainder when 4 is divided by (-6)/o + (-55)/(-15)?
1
Let n(d) = -8*d + 1. Let o be n(2). Calculate the remainder when -2*(-29)/2*1 is divided by o/(-20) - (-183)/12.
13
Suppose 2*j + 2*s = 4*j - 48, 0 = 5*j + s - 144. What is the remainder when 25 is divided by ((-9)/(-18))/(2/j)?
4
Suppose -80 = -2*l + 3*q, 3*q + 112 + 54 = 4*l. Let y = l - -7. Let d = 359 - 333. What is the remainder when y is divided by d?
24
Let k be (-2)/(-4)*4/(-2). What is the remainder when 117 is divided by 27 + k*6/(-2)?
27
Let o(w) = -233*w + 3. Calculate the remainder when o(-1) is divided by 48.
44
Let r(w) = -8*w**3 + 2*w**2 + 5*w + 2. Let h = -150 - -149. Suppose 5*v - 3 = 57. Calculate the remainder when v is divided by r(h).
5
Let w(q) = -q**2 - 20*q + 2. Let o be w(-20). Suppose -21 = -o*m - m. What is the remainder when 3/(-12) + (-202)/(-8) is divided by m?
4
Let r(p) = -26*p + 4. Let f = -63 + 84. What is the remainder when r(-3) is divided by f?
19
Suppose -p + 1 = -13. Let x = 2 + 1. Calculate the remainder when (-7)/p*(-1 + -17) is divided by x.
0
Suppose a + 52 = 2*a. Let d = -56 - -31. Let h = 43 + d. Calculate the remainder when a is divided by h.
16
Suppose p + 14 - 12 = 0. What is the remainder when p/4 + (-5244)/(-24) is divided by 44?
42
Suppose -3*o - 264 = 3*q, 2*q + 5*o + 0*o + 161 = 0. Let d = -67 - q. What is the remainder when 42 is divided by d?
16
Suppose -65 = -5*a + 19*o - 22*o, o = 4*a - 69. What is the remainder when 125 is divided by a?
13
Let n = -35 - -72. Suppose 0 = -q + 2, 4*g - n = -2*q + 11. Calculate the remainder when 31 is divided by g.
9
Suppose 24*u = 30*u - 3960. Suppose -o = -16*o + u. Calculate the remainder when o is divided by 12.
8
Let y(j) = j**2 + j - 1. Suppose 15*d - 16*d = -85. What is the remainder when d is divided by y(-6)?
27
Suppose 0*o - 2*o = -48. Let h(g) = -g**2 + 45*g - 430. What is the remainder when h(20) is divided by o?
22
What is the remainder when ((-4080)/(-400))/(2/20) is divided by 30?
12
What is the remainder when 1*-8 + (-25874)/(-34) is divided by 18?
15
Let l = 665 - 637. Let z be -1 + (-3 + 2)*-1. Suppose z*c = c - 10. What is the remainder when l is divided by c?
8
Suppose 124*t - 133*t + 369 = 0. What is the remainder when 92 is divided by t?
10
Let w(t) = 3*t + 3*t + 3*t**2 + 1 + t**2 - 3*t. Let h be w(-3). Let u = 43 - h. Calculate the remainder when 57 is divided by u.
12
Let f = 1279 + -1895. Let n = -37 + 64. What is the remainder when f/(-18) - 6/n is divided by 9?
7
Let j be 0/(-3 - -2 - 2). Suppose -3*l - 3*r = r - 45, 4*l - 4*r - 60 = 0. What is the remainder when 34 - -8 - (0 + j) is divided by l?
12
Let g(h) = -h**3 - 12*h**2 - 24*h - 24. Let q = 60 - -1. What is the remainder when q is divided by g(-10)?
13
Let z be 9/(-27) - 58/(-3). Suppose z*x - 16*x = 18. Calculate the remainder when 15 is divided by x.
3
Let r(j) = -2*j + 5. Let d(y) be the first derivative of -y**4/4 + 26*y**3/3 - 47*y**2/2 - 17*y - 21. Calculate the remainder when r(-4) is divided by d(24).
6
Let c = 218 + -200. What is the remainder when 89 is divided by c?
17
Let m = 260 + -177. Let d = -41 + 69. Calculate the remainder when m is divided by d.
27
Let d be ((-60)/9)/((-2)/6). Let t = -3 + d. What is the remainder when t is divided by 9/(-15) - (258/(-30) + 2)?
5
Suppose i + 8 = 4*z, 6 = i + 2. What is the remainder when 5 is divided by z + 1 + 1*-2?
1
Let c be 14/(12/(-4) - -1). Let o(y) = 2*y**2 - 9*y - 9. Let j be o(c). Suppose -6*s + 2*s + j = 0. What is the remainder when s is divided by 10?
8
Let q = 946 + -932. What is the remainder when 27 is divided by q?
13
Let t = -75 + 61. Let r = 43 - 13. Calculate the remainder when (t/28)/(1/(-234)) is divided by r.
27
Let v = 905 + -633. Let l = v + -193. What is the remainder when l is divided by 40?
39
Let z = 15 + -12. Suppose -v - t - 230 = -6*v, -109 = -2*v - z*t. Calculate the remainder when v is divided by 16.
15
Let g be (-80)/(-6) - 2/(-3). Suppose 0 = -2*h + g. Suppose -2*v + 71 = 4*k + 53, -20 = -5*k - 2*v. What is the remainder when h is divided by k?
1
Calculate the remainder when ((-116)/(4 - 6))/2 - -2 is divided by 10.
1
Let g(z) = -z**2 + 4*z - 4. Let a be g(5). Let o = 9 + a. Suppose o = 3*w + i - 17 - 36, 5*w - 3*i = 107. Calculate the remainder when w is divided by 11.
8
Calculate the remainder when -5 - (2428/(-3) - (-22)/66) is divided by 13.
11
Calculate the remainder when 42 is divided by (-3 - (40 + 3))*(-11)/22.
19
Suppose -16 = -q + 5. What is the remainder when q is divided by -5*(8/(-30))/((-14)/(-126))?
9
Let x(m) = 4*m + 8*m**2 + 2*m**2 + 3 - 4*m**2 - m**3. Suppose -155*j = -150*j - 30. What is the remainder when x(j) is divided by 6?
3
Suppose -4*q = 2*y - 10, -2*y + 16 = 3*y + q. Let v(z) = -11*z + z**2 + 0 - 5*z - 1 + 13*z. What is the remainder when y is divided by v(-1)?
0
Let l(p) = 5*p**2 + 61*p + 104. Calculate the remainder when l(-21) is divided by 43.
39
Let i = -144 + 254. Suppose -156 = -4*b - 2*g, -4*b - 31*g + 32*g = -144. Calculate the remainder when i is divided by b.
36
Suppose 0 = 15*p + 4207 - 17287. Calculate the remainder when p is divided by 25.
22
What is the remainder when ((-2)/(-4))/((-1)/(-58)) is divided by (-172)/(-10) + ((-248)/40 - -5)?
13
Calculate the remainder when 542 is divided by (-100)/350 - 1096/(-14).
74
Let l(o) = 10*o**2 - 24*o + 6. What is the remainder when 0 - 1 - (1 + -66) is divided by l(3)?
16
Let x = -60 + 91. Suppose 4*a - 329 = -5*c, -10*a = 5*c - 11*a - 299. What is the remainder when c is divided by x?
30
Suppose 4*s = 19 -